 Let x = -3 - q. What is the highest common divisor of x and 8?
2
Let t be 1/3*0 - 1. Let s = t - -8. Suppose 95 = s*y - 2*y. Calculate the highest common factor of y and 209.
19
Let l be (3 - 3) + (-26)/(-2). Suppose -3*p - l = -4*d, 1 = -4*p - 4*d - 7. Let y be (-8)/(-6)*(-18)/p. Calculate the greatest common divisor of y and 2.
2
Let h be (-35)/(-7)*(-6)/(-2). Let g = 1 + h. Let u = 37 - g. What is the highest common factor of u and 231?
21
Let z be ((-4)/5)/(2/(-25)). What is the greatest common factor of 50 and z?
10
Let p(n) = -8*n. Let t be p(-6). Let o = 6 - 3. Suppose o*r = 5*r - 144. What is the greatest common divisor of r and t?
24
Let x = 198 + 72. What is the greatest common divisor of 30 and x?
30
Let y = 21 - 19. Suppose 2*n + 9 = 2*p - 1, 9 = 3*p + 3*n. What is the highest common divisor of p and y?
2
Let g(b) = b**3 - 3*b**2 + 2*b - 3. Let c be g(2). Let l be (-2 - 1) + 2 - c. Let q be ((-6)/(-8) - 2)*-4. What is the highest common divisor of l and q?
1
Suppose 0 = -5*a + b + 114, -5*b - 72 + 8 = -2*a. What is the highest common factor of 66 and a?
22
Suppose 0 = 3*a - 239 + 77. Let s = 14 + -11. Suppose m - 17 - 36 = -3*f, 0 = 2*f + s*m - 33. Calculate the highest common divisor of f and a.
18
Suppose 28 = 3*w - 107. Suppose -4*l = 19 - 91. What is the greatest common divisor of w and l?
9
Let r be ((-3)/2)/(3 - (-436)/(-144)). What is the highest common factor of 6 and r?
6
Let t = 4 - 1. Let p(x) = 7*x + x**2 - 2*x**2 - t + x. Let l be p(5). Calculate the greatest common factor of l and 84.
12
Let t be (-52)/14 - 10/35. Let q be t/(-6) + (-28)/(-12). Suppose 14 = q*z - 58. Calculate the greatest common divisor of 8 and z.
8
Let k be ((-102)/(-8))/(12/144). Calculate the highest common factor of k and 17.
17
Let x = 3 + 3. What is the greatest common divisor of 6 and x?
6
Let r(b) = -b**2 - 12*b - 4. Let s be r(-6). What is the highest common divisor of 32 and s?
32
Let k be (-18 + 17)/(1/(-6)). Calculate the highest common factor of 36 and k.
6
Suppose -21 = -3*l - 5*v, -5*v - 40 = -4*l - 12. Suppose -l*i + 4*i - 18 = 0. Let h be (-68)/(-6) - i/9. Calculate the greatest common factor of 4 and h.
4
Suppose -3*u + 4 = -2. What is the highest common factor of 2 and u?
2
Suppose 0 = 5*k + 2*i + 11 - 319, 2*i = k - 52. What is the highest common factor of 90 and k?
30
Let m = -4 - -2. Let r(c) = 10*c**2 + c - 5*c**2 - 5*c**2 - 4*c**3. Let n be r(m). Calculate the highest common divisor of n and 12.
6
Let g = 389 + -1017. Let a be g/(-6) + (-16)/24. What is the highest common divisor of 13 and a?
13
Let f be (-40)/12*(-54)/5. Calculate the highest common factor of f and 12.
12
Suppose 4*q + 17 = 5*q - 5*t, 3*t - 1 = -q. What is the highest common factor of q and 21?
7
Let c(f) = f**2 - 7*f - 3. Let s be c(8). Suppose 7 + s = 4*p. Calculate the highest common divisor of p and 3.
3
Let i = -10 + -1. Let j = -22 - i. Let u = j + 33. Calculate the greatest common divisor of 33 and u.
11
Let u be (-4)/14 + (-1240)/(-28). Suppose 0 = -b + 6 - 3. Suppose 0 = v + 3*c - 13, 3*v + 2*c - 9 = b*c. Calculate the highest common divisor of u and v.
4
Let u(x) = 60 + x + x**3 - x - x + x**2. Let w be u(0). What is the greatest common divisor of w and 24?
12
Let n = 4 - -4. Let a(f) = f**2 - 4*f - 14. Let j be a(10). Let d = 78 - j. What is the greatest common divisor of d and n?
8
Let w = 36 + -52. Let h be (w/(-20))/(2/25). Calculate the highest common divisor of 25 and h.
5
Suppose -130 = -3*l - 4*v, -2*l = -7*l - 4*v + 230. Let x be ((-9)/6)/(2/(-120)). Let f = x - l. Calculate the greatest common factor of 10 and f.
10
Suppose -4*k + 28 = -68. Suppose s - 23 - 130 = 0. Let m = -93 + s. Calculate the greatest common factor of m and k.
12
Let d = 15 - -11. Suppose -4*w - 2*g = 60, -w + 0*w = 2*g + 9. Let k = d + w. What is the greatest common divisor of k and 18?
9
Let k(g) = 20*g - 2. Let o be k(1). What is the highest common divisor of o and 72?
18
Let c be (-4832)/(-20) + 4/10. Suppose 4*p - 2 = -3*b + c, 3*p - 196 = b. Calculate the highest common divisor of 8 and p.
8
Let a(k) = -9 - 2 - k - k. Let o be a(-8). What is the highest common divisor of 25 and o?
5
Let t(l) = -2*l. Let d be t(2). Let q be (16/d + 49)/1. What is the greatest common divisor of q and 18?
9
Suppose 2*c - 31 = 3*o, -45 = -4*c + c + 5*o. Calculate the greatest common divisor of c and 15.
5
Let w(r) = r**2 + 9*r + 5. Let x(s) = -1. Let h(b) = -w(b) - 4*x(b). Let c be h(-4). What is the greatest common factor of c and 209?
19
Suppose 5*d + 1 = 5*c - 4, -d + 17 = 5*c. Let h be (-8 + 10)*(-1)/(-2). What is the greatest common factor of d and h?
1
Suppose 126 - 46 = -2*n. Let o be ((-16)/n)/((-1)/(-45)). Calculate the highest common divisor of 27 and o.
9
Let l be (35/2)/(6/(-12)*-1). Calculate the highest common factor of l and 14.
7
Let f = -24 - -28. Suppose -4*l = 5*m - 65, f = 3*l - 5*m - 1. Calculate the highest common divisor of 40 and l.
10
Let t = -34 - -144. Suppose 5*u + 28 = k + 4, 3*u = -4*k - 19. Let z be (-5)/(-2)*(-20)/u. Calculate the greatest common factor of z and t.
10
Suppose -m + 3*l - 13 = -2*m, -m + 12 = 4*l. What is the greatest common factor of 112 and m?
16
Suppose 4*v - 5*w - 351 + 10 = 0, -4*v + 331 = 5*w. What is the highest common divisor of 210 and v?
42
Let i = 29 + -17. Suppose -6 = -2*c - c. Suppose -i = j + 4*a - 73, 0 = 3*j - c*a - 127. Calculate the highest common factor of 5 and j.
5
Suppose 5*o = 4*j + 196, 4*o - j - 156 = 3*j. Let n be (24/5)/((-6)/(-20)). What is the highest common divisor of n and o?
8
Suppose w = -4*r - 0*w + 575, 292 = 2*r + 2*w. Calculate the greatest common divisor of r and 13.
13
Suppose 36 = -4*d - 104. Let o = 75 + d. Calculate the highest common factor of o and 5.
5
Let a(x) = -x + 7. Let z be a(6). Let m be (4/(-10))/(z/20). Let q be 6*-34*6/m. Calculate the highest common factor of q and 17.
17
Let r(c) = -2*c**3 - 10*c**2 - 7*c - 4. Let p be r(-6). Let l = 13 + -3. What is the greatest common factor of p and l?
10
Suppose 0*i - 5*i + 4*j + 292 = 0, -2*j + 244 = 4*i. What is the highest common divisor of 12 and i?
12
Let c be ((-14)/28)/(1/(-2)). Let z(i) = 150*i**2 + i - 1. Let r be z(c). What is the highest common divisor of r and 30?
30
Let w(s) = 5*s**3 - s**2. Let t be w(1). Calculate the greatest common divisor of 2 and t.
2
Let g = -12 - -4. Let s be g/4*(-6)/4. Calculate the highest common divisor of s and 3.
3
Let p(j) = -1. Let g(h) = -h**3 - h**2 - h + 14. Let u(n) = g(n) + 4*p(n). Let x be u(0). Calculate the highest common divisor of x and 60.
10
Let n = 84 - -4. What is the greatest common factor of 8 and n?
8
Suppose -2*u + 0*u + 456 = 4*d, 3*d - 226 = -u. What is the greatest common divisor of 58 and u?
58
Suppose 0 = 3*z + 2*z. Suppose z = a + a - 324. Let h be a/24 - 2/(-8). Calculate the highest common factor of h and 35.
7
Let t(w) = w**3 + 4*w**2 - 5*w - 4. Let n be t(-5). Let u = 8 - n. Let o = 122 - 86. Calculate the greatest common factor of u and o.
12
Let j be (-3)/(1 - (3 + -1)). Suppose 0 = -4*c + y + 2*y + 35, 5*c - j*y = 43. Calculate the greatest common factor of c and 24.
8
Let r be 3 - (3 - (2 - -34)). Calculate the highest common factor of r and 24.
12
Let h = -135 + 231. Let v(a) = a**3 - 8*a**2 - 18*a + 12. Let x be v(10). What is the greatest common factor of h and x?
32
Let i(s) = s + 4. Let n be i(-8). Let c be (-385)/n - 1/4. What is the highest common factor of 24 and c?
24
Let b be 3 + 14 + (-1 - -1). Calculate the highest common factor of 119 and b.
17
Suppose -5*n - 23 - 2 = 0. Let o be (-101)/n + (-1)/5. Suppose 3*a + o = 8*a. What is the highest common factor of 12 and a?
4
Suppose 2*t = -2*k + 44, 8 = -3*t + 2. What is the highest common factor of k and 264?
24
Suppose -4*v + v + 12 = 0, -5*u + 5*v - 20 = 0. Suppose u*b = -b + 126. What is the highest common factor of 14 and b?
14
Let w(q) = 3*q - 1. Suppose 0 = -3*n + 3 - 0. Let x be w(n). Suppose 2 = 2*b + 5*t, -x*t - 1 = -b + 3*t. What is the greatest common factor of 1 and b?
1
Let z(b) = b**2 + 7*b + 6. Let i be z(-6). Let f = 2 - i. Suppose 3 = w + 5*o, f*o = 3*o. What is the highest common factor of 27 and w?
3
Let g be ((-18)/(-15))/(6/120). Calculate the greatest common divisor of 48 and g.
2